{"id":659,"date":"2025-04-25T14:30:08","date_gmt":"2025-04-25T14:30:08","guid":{"rendered":"https:\/\/labaiethai.fr\/?post_type=product&#038;p=659"},"modified":"2025-04-25T14:30:08","modified_gmt":"2025-04-25T14:30:08","slug":"tempura-crevette","status":"publish","type":"product","link":"https:\/\/labaiethai.fr\/index.php\/produit\/tempura-crevette\/","title":{"rendered":"Tempura crevette"},"content":{"rendered":"<p>Pour une commande de plus de 30 tempuras crevettes, merci de faire votre commande 2 jours avant par sms.<\/p>\n<p>Ingr\u00e9dients au complet \/ Allerg\u00e8nes : Crevettes crues, farine, f\u00e9cule de mais, sel, poivre, eau, \u0153uf, huile de friture<\/p>\n<p>Photos non contractuelle.<\/p>\n","protected":false},"excerpt":{"rendered":"<p>Prix a l\u2019unit\u00e9.<\/p>\n<p>Id\u00e9al en ap\u00e9ro ou en entr\u00e9e avant de d\u00e9buter votre repas.<\/p>\n<p>Recommandation de la cheffe : \u00ab\u00a0A accompagner avec de la bonne salade, menthe et Coriandre fraiche. R\u00e9chauffez quelques instant au grill si n\u00e9cessaire\u00a0\u00bb.<\/p>\n","protected":false},"featured_media":660,"comment_status":"open","ping_status":"closed","template":"","meta":[],"product_cat":[26,27],"product_tag":[],"class_list":{"0":"post-659","1":"product","2":"type-product","3":"status-publish","4":"has-post-thumbnail","6":"product_cat-plats-a-commander","7":"product_cat-starters","9":"first","10":"instock","11":"taxable","12":"shipping-taxable","13":"purchasable","14":"product-type-simple"},"yoast_head":"<!-- This site is optimized with the Yoast SEO plugin v23.0 - https:\/\/yoast.com\/wordpress\/plugins\/seo\/ -->\n<title>Tempura crevette - La Baie Thai<\/title>\n<meta name=\"description\" content=\"Prix a l\u2019unit\u00e9. Id\u00e9al en ap\u00e9ro ou en entr\u00e9e avant de d\u00e9buter votre repas. Recommandation de la cheffe : &quot;A accompagner avec de la bonne salade, menthe et Coriandre fraiche. R\u00e9chauffez quelques instant au grill si n\u00e9cessaire&quot;. Pour une commande de plus de 30 tempuras crevettes, merci de faire votre commande 2 jours avant par sms. Ingr\u00e9dients au complet \/ Allerg\u00e8nes : Crevettes crues, farine, f\u00e9cule de mais, sel, poivre, eau, \u0153uf, huile de friture. Photos non contractuelle.\" \/>\n<meta name=\"robots\" content=\"index, follow, max-snippet:-1, max-image-preview:large, max-video-preview:-1\" \/>\n<link rel=\"canonical\" href=\"https:\/\/labaiethai.fr\/index.php\/produit\/tempura-crevette\/\" \/>\n<meta property=\"og:locale\" content=\"fr_FR\" \/>\n<meta property=\"og:type\" content=\"article\" \/>\n<meta property=\"og:title\" content=\"Tempura crevette - La Baie Thai\" \/>\n<meta property=\"og:description\" content=\"Prix a l\u2019unit\u00e9. Id\u00e9al en ap\u00e9ro ou en entr\u00e9e avant de d\u00e9buter votre repas. Recommandation de la cheffe : &quot;A accompagner avec de la bonne salade, menthe et Coriandre fraiche. R\u00e9chauffez quelques instant au grill si n\u00e9cessaire&quot;. Pour une commande de plus de 30 tempuras crevettes, merci de faire votre commande 2 jours avant par sms. Ingr\u00e9dients au complet \/ Allerg\u00e8nes : Crevettes crues, farine, f\u00e9cule de mais, sel, poivre, eau, \u0153uf, huile de friture. Photos non contractuelle.\" \/>\n<meta property=\"og:url\" content=\"https:\/\/labaiethai.fr\/index.php\/produit\/tempura-crevette\/\" \/>\n<meta property=\"og:site_name\" content=\"La Baie Thai\" \/>\n<meta property=\"og:image\" content=\"https:\/\/labaiethai.fr\/wp-content\/uploads\/2025\/04\/tempura-crevette-panko.jpg\" \/>\n\t<meta property=\"og:image:width\" content=\"600\" \/>\n\t<meta property=\"og:image:height\" content=\"900\" \/>\n\t<meta property=\"og:image:type\" content=\"image\/jpeg\" \/>\n<meta name=\"twitter:card\" content=\"summary_large_image\" \/>\n<meta name=\"twitter:label1\" content=\"Dur\u00e9e de lecture estim\u00e9e\" \/>\n\t<meta name=\"twitter:data1\" content=\"1 minute\" \/>\n<script type=\"application\/ld+json\" class=\"yoast-schema-graph\">{\"@context\":\"https:\/\/schema.org\",\"@graph\":[{\"@type\":\"WebPage\",\"@id\":\"https:\/\/labaiethai.fr\/index.php\/produit\/tempura-crevette\/\",\"url\":\"https:\/\/labaiethai.fr\/index.php\/produit\/tempura-crevette\/\",\"name\":\"Tempura crevette - La Baie Thai\",\"isPartOf\":{\"@id\":\"https:\/\/labaiethai.fr\/#website\"},\"primaryImageOfPage\":{\"@id\":\"https:\/\/labaiethai.fr\/index.php\/produit\/tempura-crevette\/#primaryimage\"},\"image\":{\"@id\":\"https:\/\/labaiethai.fr\/index.php\/produit\/tempura-crevette\/#primaryimage\"},\"thumbnailUrl\":\"https:\/\/labaiethai.fr\/wp-content\/uploads\/2025\/04\/tempura-crevette-panko.jpg\",\"datePublished\":\"2025-04-25T14:30:08+00:00\",\"dateModified\":\"2025-04-25T14:30:08+00:00\",\"description\":\"Prix a l\u2019unit\u00e9. Id\u00e9al en ap\u00e9ro ou en entr\u00e9e avant de d\u00e9buter votre repas. Recommandation de la cheffe : \\\"A accompagner avec de la bonne salade, menthe et Coriandre fraiche. R\u00e9chauffez quelques instant au grill si n\u00e9cessaire\\\". Pour une commande de plus de 30 tempuras crevettes, merci de faire votre commande 2 jours avant par sms. Ingr\u00e9dients au complet \/ Allerg\u00e8nes : Crevettes crues, farine, f\u00e9cule de mais, sel, poivre, eau, \u0153uf, huile de friture. Photos non contractuelle.\",\"breadcrumb\":{\"@id\":\"https:\/\/labaiethai.fr\/index.php\/produit\/tempura-crevette\/#breadcrumb\"},\"inLanguage\":\"fr-FR\",\"potentialAction\":[{\"@type\":\"ReadAction\",\"target\":[\"https:\/\/labaiethai.fr\/index.php\/produit\/tempura-crevette\/\"]}]},{\"@type\":\"ImageObject\",\"inLanguage\":\"fr-FR\",\"@id\":\"https:\/\/labaiethai.fr\/index.php\/produit\/tempura-crevette\/#primaryimage\",\"url\":\"https:\/\/labaiethai.fr\/wp-content\/uploads\/2025\/04\/tempura-crevette-panko.jpg\",\"contentUrl\":\"https:\/\/labaiethai.fr\/wp-content\/uploads\/2025\/04\/tempura-crevette-panko.jpg\",\"width\":600,\"height\":900},{\"@type\":\"BreadcrumbList\",\"@id\":\"https:\/\/labaiethai.fr\/index.php\/produit\/tempura-crevette\/#breadcrumb\",\"itemListElement\":[{\"@type\":\"ListItem\",\"position\":1,\"name\":\"Accueil\",\"item\":\"https:\/\/labaiethai.fr\/\"},{\"@type\":\"ListItem\",\"position\":2,\"name\":\"Boutique\",\"item\":\"https:\/\/labaiethai.fr\/index.php\/boutique\/\"},{\"@type\":\"ListItem\",\"position\":3,\"name\":\"Tempura crevette\"}]},{\"@type\":\"WebSite\",\"@id\":\"https:\/\/labaiethai.fr\/#website\",\"url\":\"https:\/\/labaiethai.fr\/\",\"name\":\"La Baie Thai\",\"description\":\"\",\"publisher\":{\"@id\":\"https:\/\/labaiethai.fr\/#organization\"},\"potentialAction\":[{\"@type\":\"SearchAction\",\"target\":{\"@type\":\"EntryPoint\",\"urlTemplate\":\"https:\/\/labaiethai.fr\/?s={search_term_string}\"},\"query-input\":\"required name=search_term_string\"}],\"inLanguage\":\"fr-FR\"},{\"@type\":\"Organization\",\"@id\":\"https:\/\/labaiethai.fr\/#organization\",\"name\":\"La Baie Thai\",\"url\":\"https:\/\/labaiethai.fr\/\",\"logo\":{\"@type\":\"ImageObject\",\"inLanguage\":\"fr-FR\",\"@id\":\"https:\/\/labaiethai.fr\/#\/schema\/logo\/image\/\",\"url\":\"https:\/\/labaiethai.fr\/wp-content\/uploads\/2024\/07\/2-removebg-preview.png\",\"contentUrl\":\"https:\/\/labaiethai.fr\/wp-content\/uploads\/2024\/07\/2-removebg-preview.png\",\"width\":690,\"height\":362,\"caption\":\"La Baie Thai\"},\"image\":{\"@id\":\"https:\/\/labaiethai.fr\/#\/schema\/logo\/image\/\"}}]}<\/script>\n<!-- \/ Yoast SEO plugin. -->","yoast_head_json":{"title":"Tempura crevette - La Baie Thai","description":"Prix a l\u2019unit\u00e9. Id\u00e9al en ap\u00e9ro ou en entr\u00e9e avant de d\u00e9buter votre repas. Recommandation de la cheffe : \"A accompagner avec de la bonne salade, menthe et Coriandre fraiche. R\u00e9chauffez quelques instant au grill si n\u00e9cessaire\". Pour une commande de plus de 30 tempuras crevettes, merci de faire votre commande 2 jours avant par sms. Ingr\u00e9dients au complet \/ Allerg\u00e8nes : Crevettes crues, farine, f\u00e9cule de mais, sel, poivre, eau, \u0153uf, huile de friture. Photos non contractuelle.","robots":{"index":"index","follow":"follow","max-snippet":"max-snippet:-1","max-image-preview":"max-image-preview:large","max-video-preview":"max-video-preview:-1"},"canonical":"https:\/\/labaiethai.fr\/index.php\/produit\/tempura-crevette\/","og_locale":"fr_FR","og_type":"article","og_title":"Tempura crevette - La Baie Thai","og_description":"Prix a l\u2019unit\u00e9. Id\u00e9al en ap\u00e9ro ou en entr\u00e9e avant de d\u00e9buter votre repas. Recommandation de la cheffe : \"A accompagner avec de la bonne salade, menthe et Coriandre fraiche. R\u00e9chauffez quelques instant au grill si n\u00e9cessaire\". Pour une commande de plus de 30 tempuras crevettes, merci de faire votre commande 2 jours avant par sms. Ingr\u00e9dients au complet \/ Allerg\u00e8nes : Crevettes crues, farine, f\u00e9cule de mais, sel, poivre, eau, \u0153uf, huile de friture. Photos non contractuelle.","og_url":"https:\/\/labaiethai.fr\/index.php\/produit\/tempura-crevette\/","og_site_name":"La Baie Thai","og_image":[{"width":600,"height":900,"url":"https:\/\/labaiethai.fr\/wp-content\/uploads\/2025\/04\/tempura-crevette-panko.jpg","type":"image\/jpeg"}],"twitter_card":"summary_large_image","twitter_misc":{"Dur\u00e9e de lecture estim\u00e9e":"1 minute"},"schema":{"@context":"https:\/\/schema.org","@graph":[{"@type":"WebPage","@id":"https:\/\/labaiethai.fr\/index.php\/produit\/tempura-crevette\/","url":"https:\/\/labaiethai.fr\/index.php\/produit\/tempura-crevette\/","name":"Tempura crevette - La Baie Thai","isPartOf":{"@id":"https:\/\/labaiethai.fr\/#website"},"primaryImageOfPage":{"@id":"https:\/\/labaiethai.fr\/index.php\/produit\/tempura-crevette\/#primaryimage"},"image":{"@id":"https:\/\/labaiethai.fr\/index.php\/produit\/tempura-crevette\/#primaryimage"},"thumbnailUrl":"https:\/\/labaiethai.fr\/wp-content\/uploads\/2025\/04\/tempura-crevette-panko.jpg","datePublished":"2025-04-25T14:30:08+00:00","dateModified":"2025-04-25T14:30:08+00:00","description":"Prix a l\u2019unit\u00e9. Id\u00e9al en ap\u00e9ro ou en entr\u00e9e avant de d\u00e9buter votre repas. Recommandation de la cheffe : \"A accompagner avec de la bonne salade, menthe et Coriandre fraiche. R\u00e9chauffez quelques instant au grill si n\u00e9cessaire\". Pour une commande de plus de 30 tempuras crevettes, merci de faire votre commande 2 jours avant par sms. Ingr\u00e9dients au complet \/ Allerg\u00e8nes : Crevettes crues, farine, f\u00e9cule de mais, sel, poivre, eau, \u0153uf, huile de friture. Photos non contractuelle.","breadcrumb":{"@id":"https:\/\/labaiethai.fr\/index.php\/produit\/tempura-crevette\/#breadcrumb"},"inLanguage":"fr-FR","potentialAction":[{"@type":"ReadAction","target":["https:\/\/labaiethai.fr\/index.php\/produit\/tempura-crevette\/"]}]},{"@type":"ImageObject","inLanguage":"fr-FR","@id":"https:\/\/labaiethai.fr\/index.php\/produit\/tempura-crevette\/#primaryimage","url":"https:\/\/labaiethai.fr\/wp-content\/uploads\/2025\/04\/tempura-crevette-panko.jpg","contentUrl":"https:\/\/labaiethai.fr\/wp-content\/uploads\/2025\/04\/tempura-crevette-panko.jpg","width":600,"height":900},{"@type":"BreadcrumbList","@id":"https:\/\/labaiethai.fr\/index.php\/produit\/tempura-crevette\/#breadcrumb","itemListElement":[{"@type":"ListItem","position":1,"name":"Accueil","item":"https:\/\/labaiethai.fr\/"},{"@type":"ListItem","position":2,"name":"Boutique","item":"https:\/\/labaiethai.fr\/index.php\/boutique\/"},{"@type":"ListItem","position":3,"name":"Tempura crevette"}]},{"@type":"WebSite","@id":"https:\/\/labaiethai.fr\/#website","url":"https:\/\/labaiethai.fr\/","name":"La Baie Thai","description":"","publisher":{"@id":"https:\/\/labaiethai.fr\/#organization"},"potentialAction":[{"@type":"SearchAction","target":{"@type":"EntryPoint","urlTemplate":"https:\/\/labaiethai.fr\/?s={search_term_string}"},"query-input":"required name=search_term_string"}],"inLanguage":"fr-FR"},{"@type":"Organization","@id":"https:\/\/labaiethai.fr\/#organization","name":"La Baie Thai","url":"https:\/\/labaiethai.fr\/","logo":{"@type":"ImageObject","inLanguage":"fr-FR","@id":"https:\/\/labaiethai.fr\/#\/schema\/logo\/image\/","url":"https:\/\/labaiethai.fr\/wp-content\/uploads\/2024\/07\/2-removebg-preview.png","contentUrl":"https:\/\/labaiethai.fr\/wp-content\/uploads\/2024\/07\/2-removebg-preview.png","width":690,"height":362,"caption":"La Baie Thai"},"image":{"@id":"https:\/\/labaiethai.fr\/#\/schema\/logo\/image\/"}}]}},"jetpack_sharing_enabled":true,"_links":{"self":[{"href":"https:\/\/labaiethai.fr\/index.php\/wp-json\/wp\/v2\/product\/659","targetHints":{"allow":["GET"]}}],"collection":[{"href":"https:\/\/labaiethai.fr\/index.php\/wp-json\/wp\/v2\/product"}],"about":[{"href":"https:\/\/labaiethai.fr\/index.php\/wp-json\/wp\/v2\/types\/product"}],"replies":[{"embeddable":true,"href":"https:\/\/labaiethai.fr\/index.php\/wp-json\/wp\/v2\/comments?post=659"}],"wp:featuredmedia":[{"embeddable":true,"href":"https:\/\/labaiethai.fr\/index.php\/wp-json\/wp\/v2\/media\/660"}],"wp:attachment":[{"href":"https:\/\/labaiethai.fr\/index.php\/wp-json\/wp\/v2\/media?parent=659"}],"wp:term":[{"taxonomy":"product_cat","embeddable":true,"href":"https:\/\/labaiethai.fr\/index.php\/wp-json\/wp\/v2\/product_cat?post=659"},{"taxonomy":"product_tag","embeddable":true,"href":"https:\/\/labaiethai.fr\/index.php\/wp-json\/wp\/v2\/product_tag?post=659"}],"curies":[{"name":"wp","href":"https:\/\/api.w.org\/{rel}","templated":true}]}}