{"id":634,"date":"2024-10-09T07:23:53","date_gmt":"2024-10-09T07:23:53","guid":{"rendered":"https:\/\/labaiethai.fr\/?post_type=product&#038;p=634"},"modified":"2024-10-09T07:25:21","modified_gmt":"2024-10-09T07:25:21","slug":"boissons-thai-graines-de-basilic","status":"publish","type":"product","link":"https:\/\/labaiethai.fr\/index.php\/produit\/boissons-thai-graines-de-basilic\/","title":{"rendered":"Boissons Thai Graines de Basilic"},"content":{"rendered":"<h5>Boissons Graines de Basilic 290ml. Plusieurs saveurs existent..<\/h5>\n","protected":false},"excerpt":{"rendered":"<p>La\u00a0boisson aux graines de basilic\u00a0est une boisson tha\u00eflandaise tr\u00e8s r\u00e9pandue au pays du soleil levant. Il s&rsquo;agit de petites graines de basilic m\u00e9lang\u00e9es \u00e0 du th\u00e9 glac\u00e9 ou du jus de fruits. La\u00a0boisson aux graines de basilic\u00a0propose un large choix de saveurs fra\u00eeches et gourmandes. Au contact de l&rsquo;eau, les graines de basilic gonflent et pr\u00e9sentent une texture g\u00e9latineuse agr\u00e9able en bouche. Nos\u00a0boissons aux graines de basilic raviront vos papilles.<\/p>\n","protected":false},"featured_media":619,"comment_status":"open","ping_status":"closed","template":"","meta":[],"product_cat":[32],"product_tag":[],"class_list":{"0":"post-634","1":"product","2":"type-product","3":"status-publish","4":"has-post-thumbnail","6":"product_cat-boissons-plats-a-commander","8":"first","9":"instock","10":"taxable","11":"shipping-taxable","12":"purchasable","13":"product-type-simple"},"yoast_head":"<!-- This site is optimized with the Yoast SEO plugin v23.0 - https:\/\/yoast.com\/wordpress\/plugins\/seo\/ -->\n<title>Boissons Thai Graines de Basilic - La Baie Thai<\/title>\n<meta name=\"description\" content=\"La\u00a0boisson aux graines de basilic\u00a0est une boisson tha\u00eflandaise tr\u00e8s r\u00e9pandue au pays du soleil levant. Il s&#039;agit de petites graines de basilic m\u00e9lang\u00e9es \u00e0 du th\u00e9 glac\u00e9 ou du jus de fruits. La\u00a0boisson aux graines de basilic\u00a0propose un large choix de saveurs fra\u00eeches et gourmandes. Au contact de l&#039;eau, les graines de basilic gonflent et pr\u00e9sentent une texture g\u00e9latineuse agr\u00e9able en bouche. Nos\u00a0boissons aux graines de basilic raviront vos papilles.\" \/>\n<meta name=\"robots\" content=\"index, follow, max-snippet:-1, max-image-preview:large, max-video-preview:-1\" \/>\n<link rel=\"canonical\" href=\"https:\/\/labaiethai.fr\/index.php\/produit\/boissons-thai-graines-de-basilic\/\" \/>\n<meta property=\"og:locale\" content=\"fr_FR\" \/>\n<meta property=\"og:type\" content=\"article\" \/>\n<meta property=\"og:title\" content=\"Boissons Thai Graines de Basilic - La Baie Thai\" \/>\n<meta property=\"og:description\" content=\"La\u00a0boisson aux graines de basilic\u00a0est une boisson tha\u00eflandaise tr\u00e8s r\u00e9pandue au pays du soleil levant. Il s&#039;agit de petites graines de basilic m\u00e9lang\u00e9es \u00e0 du th\u00e9 glac\u00e9 ou du jus de fruits. La\u00a0boisson aux graines de basilic\u00a0propose un large choix de saveurs fra\u00eeches et gourmandes. Au contact de l&#039;eau, les graines de basilic gonflent et pr\u00e9sentent une texture g\u00e9latineuse agr\u00e9able en bouche. Nos\u00a0boissons aux graines de basilic raviront vos papilles.\" \/>\n<meta property=\"og:url\" content=\"https:\/\/labaiethai.fr\/index.php\/produit\/boissons-thai-graines-de-basilic\/\" \/>\n<meta property=\"og:site_name\" content=\"La Baie Thai\" \/>\n<meta property=\"article:modified_time\" content=\"2024-10-09T07:25:21+00:00\" \/>\n<meta property=\"og:image\" content=\"https:\/\/labaiethai.fr\/wp-content\/uploads\/2024\/09\/IMG_3603-scaled.jpg\" \/>\n\t<meta property=\"og:image:width\" content=\"1920\" \/>\n\t<meta property=\"og:image:height\" content=\"2560\" \/>\n\t<meta property=\"og:image:type\" content=\"image\/jpeg\" \/>\n<meta name=\"twitter:card\" content=\"summary_large_image\" \/>\n<meta name=\"twitter:label1\" content=\"Dur\u00e9e de lecture estim\u00e9e\" \/>\n\t<meta name=\"twitter:data1\" content=\"1 minute\" \/>\n<script type=\"application\/ld+json\" class=\"yoast-schema-graph\">{\"@context\":\"https:\/\/schema.org\",\"@graph\":[{\"@type\":\"WebPage\",\"@id\":\"https:\/\/labaiethai.fr\/index.php\/produit\/boissons-thai-graines-de-basilic\/\",\"url\":\"https:\/\/labaiethai.fr\/index.php\/produit\/boissons-thai-graines-de-basilic\/\",\"name\":\"Boissons Thai Graines de Basilic - La Baie Thai\",\"isPartOf\":{\"@id\":\"https:\/\/labaiethai.fr\/#website\"},\"primaryImageOfPage\":{\"@id\":\"https:\/\/labaiethai.fr\/index.php\/produit\/boissons-thai-graines-de-basilic\/#primaryimage\"},\"image\":{\"@id\":\"https:\/\/labaiethai.fr\/index.php\/produit\/boissons-thai-graines-de-basilic\/#primaryimage\"},\"thumbnailUrl\":\"https:\/\/labaiethai.fr\/wp-content\/uploads\/2024\/09\/IMG_3603-scaled.jpg\",\"datePublished\":\"2024-10-09T07:23:53+00:00\",\"dateModified\":\"2024-10-09T07:25:21+00:00\",\"description\":\"La\u00a0boisson aux graines de basilic\u00a0est une boisson tha\u00eflandaise tr\u00e8s r\u00e9pandue au pays du soleil levant. Il s'agit de petites graines de basilic m\u00e9lang\u00e9es \u00e0 du th\u00e9 glac\u00e9 ou du jus de fruits. La\u00a0boisson aux graines de basilic\u00a0propose un large choix de saveurs fra\u00eeches et gourmandes. Au contact de l'eau, les graines de basilic gonflent et pr\u00e9sentent une texture g\u00e9latineuse agr\u00e9able en bouche. Nos\u00a0boissons aux graines de basilic raviront vos papilles.\",\"breadcrumb\":{\"@id\":\"https:\/\/labaiethai.fr\/index.php\/produit\/boissons-thai-graines-de-basilic\/#breadcrumb\"},\"inLanguage\":\"fr-FR\",\"potentialAction\":[{\"@type\":\"ReadAction\",\"target\":[\"https:\/\/labaiethai.fr\/index.php\/produit\/boissons-thai-graines-de-basilic\/\"]}]},{\"@type\":\"ImageObject\",\"inLanguage\":\"fr-FR\",\"@id\":\"https:\/\/labaiethai.fr\/index.php\/produit\/boissons-thai-graines-de-basilic\/#primaryimage\",\"url\":\"https:\/\/labaiethai.fr\/wp-content\/uploads\/2024\/09\/IMG_3603-scaled.jpg\",\"contentUrl\":\"https:\/\/labaiethai.fr\/wp-content\/uploads\/2024\/09\/IMG_3603-scaled.jpg\",\"width\":1920,\"height\":2560},{\"@type\":\"BreadcrumbList\",\"@id\":\"https:\/\/labaiethai.fr\/index.php\/produit\/boissons-thai-graines-de-basilic\/#breadcrumb\",\"itemListElement\":[{\"@type\":\"ListItem\",\"position\":1,\"name\":\"Accueil\",\"item\":\"https:\/\/labaiethai.fr\/\"},{\"@type\":\"ListItem\",\"position\":2,\"name\":\"Boutique\",\"item\":\"https:\/\/labaiethai.fr\/index.php\/boutique\/\"},{\"@type\":\"ListItem\",\"position\":3,\"name\":\"Boissons Thai Graines de Basilic\"}]},{\"@type\":\"WebSite\",\"@id\":\"https:\/\/labaiethai.fr\/#website\",\"url\":\"https:\/\/labaiethai.fr\/\",\"name\":\"La Baie Thai\",\"description\":\"\",\"publisher\":{\"@id\":\"https:\/\/labaiethai.fr\/#organization\"},\"potentialAction\":[{\"@type\":\"SearchAction\",\"target\":{\"@type\":\"EntryPoint\",\"urlTemplate\":\"https:\/\/labaiethai.fr\/?s={search_term_string}\"},\"query-input\":\"required name=search_term_string\"}],\"inLanguage\":\"fr-FR\"},{\"@type\":\"Organization\",\"@id\":\"https:\/\/labaiethai.fr\/#organization\",\"name\":\"La Baie Thai\",\"url\":\"https:\/\/labaiethai.fr\/\",\"logo\":{\"@type\":\"ImageObject\",\"inLanguage\":\"fr-FR\",\"@id\":\"https:\/\/labaiethai.fr\/#\/schema\/logo\/image\/\",\"url\":\"https:\/\/labaiethai.fr\/wp-content\/uploads\/2024\/07\/2-removebg-preview.png\",\"contentUrl\":\"https:\/\/labaiethai.fr\/wp-content\/uploads\/2024\/07\/2-removebg-preview.png\",\"width\":690,\"height\":362,\"caption\":\"La Baie Thai\"},\"image\":{\"@id\":\"https:\/\/labaiethai.fr\/#\/schema\/logo\/image\/\"}}]}<\/script>\n<!-- \/ Yoast SEO plugin. -->","yoast_head_json":{"title":"Boissons Thai Graines de Basilic - La Baie Thai","description":"La\u00a0boisson aux graines de basilic\u00a0est une boisson tha\u00eflandaise tr\u00e8s r\u00e9pandue au pays du soleil levant. Il s'agit de petites graines de basilic m\u00e9lang\u00e9es \u00e0 du th\u00e9 glac\u00e9 ou du jus de fruits. La\u00a0boisson aux graines de basilic\u00a0propose un large choix de saveurs fra\u00eeches et gourmandes. Au contact de l'eau, les graines de basilic gonflent et pr\u00e9sentent une texture g\u00e9latineuse agr\u00e9able en bouche. Nos\u00a0boissons aux graines de basilic raviront vos papilles.","robots":{"index":"index","follow":"follow","max-snippet":"max-snippet:-1","max-image-preview":"max-image-preview:large","max-video-preview":"max-video-preview:-1"},"canonical":"https:\/\/labaiethai.fr\/index.php\/produit\/boissons-thai-graines-de-basilic\/","og_locale":"fr_FR","og_type":"article","og_title":"Boissons Thai Graines de Basilic - La Baie Thai","og_description":"La\u00a0boisson aux graines de basilic\u00a0est une boisson tha\u00eflandaise tr\u00e8s r\u00e9pandue au pays du soleil levant. Il s'agit de petites graines de basilic m\u00e9lang\u00e9es \u00e0 du th\u00e9 glac\u00e9 ou du jus de fruits. La\u00a0boisson aux graines de basilic\u00a0propose un large choix de saveurs fra\u00eeches et gourmandes. Au contact de l'eau, les graines de basilic gonflent et pr\u00e9sentent une texture g\u00e9latineuse agr\u00e9able en bouche. Nos\u00a0boissons aux graines de basilic raviront vos papilles.","og_url":"https:\/\/labaiethai.fr\/index.php\/produit\/boissons-thai-graines-de-basilic\/","og_site_name":"La Baie Thai","article_modified_time":"2024-10-09T07:25:21+00:00","og_image":[{"width":1920,"height":2560,"url":"https:\/\/labaiethai.fr\/wp-content\/uploads\/2024\/09\/IMG_3603-scaled.jpg","type":"image\/jpeg"}],"twitter_card":"summary_large_image","twitter_misc":{"Dur\u00e9e de lecture estim\u00e9e":"1 minute"},"schema":{"@context":"https:\/\/schema.org","@graph":[{"@type":"WebPage","@id":"https:\/\/labaiethai.fr\/index.php\/produit\/boissons-thai-graines-de-basilic\/","url":"https:\/\/labaiethai.fr\/index.php\/produit\/boissons-thai-graines-de-basilic\/","name":"Boissons Thai Graines de Basilic - La Baie Thai","isPartOf":{"@id":"https:\/\/labaiethai.fr\/#website"},"primaryImageOfPage":{"@id":"https:\/\/labaiethai.fr\/index.php\/produit\/boissons-thai-graines-de-basilic\/#primaryimage"},"image":{"@id":"https:\/\/labaiethai.fr\/index.php\/produit\/boissons-thai-graines-de-basilic\/#primaryimage"},"thumbnailUrl":"https:\/\/labaiethai.fr\/wp-content\/uploads\/2024\/09\/IMG_3603-scaled.jpg","datePublished":"2024-10-09T07:23:53+00:00","dateModified":"2024-10-09T07:25:21+00:00","description":"La\u00a0boisson aux graines de basilic\u00a0est une boisson tha\u00eflandaise tr\u00e8s r\u00e9pandue au pays du soleil levant. Il s'agit de petites graines de basilic m\u00e9lang\u00e9es \u00e0 du th\u00e9 glac\u00e9 ou du jus de fruits. La\u00a0boisson aux graines de basilic\u00a0propose un large choix de saveurs fra\u00eeches et gourmandes. Au contact de l'eau, les graines de basilic gonflent et pr\u00e9sentent une texture g\u00e9latineuse agr\u00e9able en bouche. Nos\u00a0boissons aux graines de basilic raviront vos papilles.","breadcrumb":{"@id":"https:\/\/labaiethai.fr\/index.php\/produit\/boissons-thai-graines-de-basilic\/#breadcrumb"},"inLanguage":"fr-FR","potentialAction":[{"@type":"ReadAction","target":["https:\/\/labaiethai.fr\/index.php\/produit\/boissons-thai-graines-de-basilic\/"]}]},{"@type":"ImageObject","inLanguage":"fr-FR","@id":"https:\/\/labaiethai.fr\/index.php\/produit\/boissons-thai-graines-de-basilic\/#primaryimage","url":"https:\/\/labaiethai.fr\/wp-content\/uploads\/2024\/09\/IMG_3603-scaled.jpg","contentUrl":"https:\/\/labaiethai.fr\/wp-content\/uploads\/2024\/09\/IMG_3603-scaled.jpg","width":1920,"height":2560},{"@type":"BreadcrumbList","@id":"https:\/\/labaiethai.fr\/index.php\/produit\/boissons-thai-graines-de-basilic\/#breadcrumb","itemListElement":[{"@type":"ListItem","position":1,"name":"Accueil","item":"https:\/\/labaiethai.fr\/"},{"@type":"ListItem","position":2,"name":"Boutique","item":"https:\/\/labaiethai.fr\/index.php\/boutique\/"},{"@type":"ListItem","position":3,"name":"Boissons Thai Graines de Basilic"}]},{"@type":"WebSite","@id":"https:\/\/labaiethai.fr\/#website","url":"https:\/\/labaiethai.fr\/","name":"La Baie Thai","description":"","publisher":{"@id":"https:\/\/labaiethai.fr\/#organization"},"potentialAction":[{"@type":"SearchAction","target":{"@type":"EntryPoint","urlTemplate":"https:\/\/labaiethai.fr\/?s={search_term_string}"},"query-input":"required name=search_term_string"}],"inLanguage":"fr-FR"},{"@type":"Organization","@id":"https:\/\/labaiethai.fr\/#organization","name":"La Baie Thai","url":"https:\/\/labaiethai.fr\/","logo":{"@type":"ImageObject","inLanguage":"fr-FR","@id":"https:\/\/labaiethai.fr\/#\/schema\/logo\/image\/","url":"https:\/\/labaiethai.fr\/wp-content\/uploads\/2024\/07\/2-removebg-preview.png","contentUrl":"https:\/\/labaiethai.fr\/wp-content\/uploads\/2024\/07\/2-removebg-preview.png","width":690,"height":362,"caption":"La Baie Thai"},"image":{"@id":"https:\/\/labaiethai.fr\/#\/schema\/logo\/image\/"}}]}},"jetpack_sharing_enabled":true,"_links":{"self":[{"href":"https:\/\/labaiethai.fr\/index.php\/wp-json\/wp\/v2\/product\/634","targetHints":{"allow":["GET"]}}],"collection":[{"href":"https:\/\/labaiethai.fr\/index.php\/wp-json\/wp\/v2\/product"}],"about":[{"href":"https:\/\/labaiethai.fr\/index.php\/wp-json\/wp\/v2\/types\/product"}],"replies":[{"embeddable":true,"href":"https:\/\/labaiethai.fr\/index.php\/wp-json\/wp\/v2\/comments?post=634"}],"wp:featuredmedia":[{"embeddable":true,"href":"https:\/\/labaiethai.fr\/index.php\/wp-json\/wp\/v2\/media\/619"}],"wp:attachment":[{"href":"https:\/\/labaiethai.fr\/index.php\/wp-json\/wp\/v2\/media?parent=634"}],"wp:term":[{"taxonomy":"product_cat","embeddable":true,"href":"https:\/\/labaiethai.fr\/index.php\/wp-json\/wp\/v2\/product_cat?post=634"},{"taxonomy":"product_tag","embeddable":true,"href":"https:\/\/labaiethai.fr\/index.php\/wp-json\/wp\/v2\/product_tag?post=634"}],"curies":[{"name":"wp","href":"https:\/\/api.w.org\/{rel}","templated":true}]}}